. Let o(a) = a + 3894 - 1955 - 1941. Let b(h) = -6*o(h) - 4*v(h). Determine b(1).
-2
Let w = 23/33 + -13/66. Let b(k) be the first derivative of w*k**2 - 3 - 3*k. Calculate b(-6).
-9
Let t(x) be the third derivative of x**5/60 - 7*x**4/12 - 7*x**3/2 + 2*x**2 + 80*x. Determine t(16).
11
Suppose -157 = -5*v + 213. Suppose v = -2*w + 90. Let b(h) = h**3 - 9*h**2 + 9*h + 11. What is b(w)?
19
Let i(f) be the second derivative of f**5/20 - f**4/3 - 2*f**3/3 + 3*f**2 + 35771*f. Suppose 17 = 4*n + 1. Determine i(n).
-10
Let o be (-7 - 2/(-2)) + 8. Let w(r) = -7 + 2*r**o + r**2 + 9*r - 2*r**2 + 0*r**2 - 17*r. Determine w(9).
2
Let k(o) be the first derivative of o**3/3 - 3*o**2 + 3*o + 1. Suppose 64 + 1 = 13*u. What is k(u)?
-2
Let y(g) be the second derivative of 13*g**3/3 - 309*g**2/2 - 74*g + 20. What is y(12)?
3
Let w(y) be the second derivative of -y**3 + 2 + 28*y - 5*y**2 - 1/12*y**4. Give w(-4).
-2
Let b(q) = -2*q**3 - 6*q**2 + 9*q + 11. Let i be -4 - -1 - (7/8 + (-3)/(-24)). Calculate b(i).
7
Suppose -4*f + 16 = 0, -4*f + 7*f = 5*t + 162. Let c be (132/t - -5)/(3/30). Let r(n) = -n**3 + 7*n**2 + n - 5. Give r(c).
37
Let m(t) = 4*t**3 + 8*t**2 + 15*t - 17. Let h(l) = -3*l**3 - 5*l**2 - 10*l + 11. Suppose 26*i - 50 = 36*i. Let x(w) = i*m(w) - 7*h(w). What is x(6)?
14
Let v(s) = 97 - 174 + 8*s**2 + 78 - 2*s. Let o(t) = -4*t + 1 + 2*t + t. Let h be o(0). Calculate v(h).
7
Let r(q) = 1 - 261438*q**2 + 9*q + 261439*q**2 + 6. Calculate r(-9).
7
Let r(t) = -2*t**3 - 25*t**2 - 10*t - 6. Let u(f) = 3*f**3 + 24*f**2 + 12*f + 8. Let i(p) = 6*r(p) + 5*u(p). Determine i(10).
4
Let p(r) = 12*r - 55. Suppose 0 = 2*x - 3*b + 14, -2*b = -5*x - 1674 + 1683. Calculate p(x).
5
Let o be (-53 - -56) + -1 + 0. Suppose 2*g - o = -3*x - 9, -3*g = -5*x + 1. Let w(z) = 6*z**2 + 2*z + 2. Give w(x).
6
Let p(q) be the first derivative of -q**4/4 + 10*q**3/3 + 10*q + 22. Let v be p(10). Let r(i) = -23 + 11 + 0*i + i. Calculate r(v).
-2
Let f(j) = -j + 1. Let m be (-1)/4*(-36)/(-9). Let r(u) = 3*u + 4. Let x(k) = m*r(k) - 5*f(k). Calculate x(5).
1
Let j(l) = l**2 - 125 + 4*l + 118 + 0*l. Let o be j(-5). Let h(a) = 2*a**2 - 5*a - 1. Let m(p) = -p**2 + 3*p + 1. Let q(z) = -3*h(z) - 5*m(z). Determine q(o).
-6
Let c(t) = -5*t**3 + 3*t**3 + 11 - 41989*t + 5*t**3 - 2*t**3 + 10*t**2 + 41988*t. What is c(-10)?
21
Let p(k) = -k + 11. Let l(n) = 92*n + 2020. Let b be l(-22). Determine p(b).
15
Let z(x) = -x**2 - 5*x + 8. Let i(d) = 2*d**2 + 3*d - 13. Let f be i(-5). Let l = f - 29. Determine z(l).
-6
Let z = -9369 + 9366. Let g(p) = 9*p**2 + 5*p + 3. Determine g(z).
69
Let z(n) = 3*n - 2*n - 3 + 7*n + 0*n + 197744*n**2 - 197745*n**2. Give z(8).
-3
Let l(h) = -h**2 - 17*h + 19. Let a be l(9). Let b = 211 + a. Let u(f) = f**3 + 5*f**2 + 3*f + 2. Calculate u(b).
6
Let d(a) = 9*a**3 + 22*a**2 - 11*a + 17. Let q(l) = 4*l**3 + 11*l**2 - 4*l + 8. Let z(s) = -3*d(s) + 7*q(s). Determine z(-11).
-50
Let g(w) = 2*w + 14. Let k(s) be the second derivative of s**4/12 + 31*s**3/6 + 163*s**2/2 - 276*s. Let j be k(-24). Give g(j).
4
Let x(k) = 17*k + 2. Let z be x(2). Suppose -10*m + z - 6 = 0. Let q(w) = 2*w**2 + 3*w**2 - 6*w**2 + m*w - 1 - 4*w. What is q(-1)?
-1
Let g(l) = 3*l + 3. Let k(c) = 6*c - 22. Let r be k(4). Let i be g(r). Let h be 1/(15/i + -2). Let a(t) = t. Give a(h).
-3
Let m(p) be the third derivative of 7*p**4/12 + p**3/6 - 6901*p**2 - 2*p + 1. Suppose -d + w = d + 2, -w + 4 = 0. Determine m(d).
15
Let v = -5103 - -5107. Let t(j) = -4*j**2 - j + 9. Calculate t(v).
-59
Let c(l) be the third derivative of -4*l**2 - 8/3*l**3 + 28 - 7/24*l**4 + 0*l. Calculate c(-3).
5
Let p(c) be the first derivative of c**2/2 + 3*c - 9705. Let h be -1 + 2 + 0 + -5. What is p(h)?
-1
Let x(h) be the third derivative of h**8/10080 + h**7/1680 + h**6/720 - h**5/60 + 4*h**3/3 + 53*h**2. Let s(l) be the third derivative of x(l). What is s(-2)?
3
Let x(t) = -68*t - 255. Let v be x(-4). Suppose -2*j - 2 - 12 = 5*y, -5*y - j - v = 0. Let c(f) = -3*f - 1. Calculate c(y).
11
Let q(t) = t**3 + 11*t**2 - 4*t - 37. Suppose -11*g + 16*g - 10 = -65. Calculate q(g).
7
Let w(b) = -b**3 + 2*b**2 + 3*b - 3. Let d = -568 + 634. Suppose 10*c - d = -12*c. Give w(c).
-3
Suppose 7*j = -35, 6 + 20 = 4*d + 2*j. Let m(s) = -s**3 + 9*s**2 + 2*s - 15. Determine m(d).
3
Let t(g) be the third derivative of -g**4/8 + 4*g**3/3 + 148*g**2 + 4*g. What is t(11)?
-25
Let y = -39628 - -39628. Let r(d) = 3*d + 6. Let g(k) = -24*k - 48. Let o(i) = -4*g(i) - 33*r(i). Give o(y).
-6
Let p = 11/860 - -1/258. Let u(c) be the third derivative of p*c**5 + 0*c - 1/4*c**4 - 8*c**2 + 2/3*c**3 + 0. Determine u(4).
-4
Let r(h) = -h**3 + 5*h**2 - 5*h + 9. Let k(w) = -16*w + 230. Let j be k(14). Calculate r(j).
-57
Suppose -4*f - 275 + 11 = 0. Let h = f + 47. Let v = -20 - h. Let x(m) = -2*m + 1. Determine x(v).
3
Suppose -37 = -4*v - 25. Suppose s - 19 = -4*s - v*l, -l + 3 = s. Let k(b) = -138*b**2 + 3 + 140*b**2 - s*b - 6 - 2. Give k(5).
20
Let x be (12/7)/(((-592)/224)/(-37)) + 4. Let m(p) = p**2 - 27*p - 66. Calculate m(x).
-38
Let f(h) = h**2 - 8*h + 8. Suppose 5 = -p, 4*n = 4*p - 9 + 29. Suppose -7*c + 83 - 27 = n. Calculate f(c).
8
Let j(d) = -2*d**3 - d**2 - 4*d - 3. Suppose 114*g + 1060 = 119*g. Let s = 210 - g. What is j(s)?
17
Suppose 3*g - 5*d - 6 = 0, 11*g + d = 6*g + 10. Let o(a) = a + g + 3 - 5 + 4 + 1. What is o(-11)?
-6
Let u(t) = t**2 - 39*t + 377. Let m be u(17). Let o(d) be the second derivative of -m*d**2 + 0 + 9*d + 1/2*d**3. Determine o(5).
9
Let b(r) = -10*r - 12*r - 11*r + 24 - 21*r + 48*r. Determine b(20).
-96
Let o = -15 - -7. Let p(u) = 68*u**2 - 10*u + 21. Let i(a) = -45*a**2 + 9*a - 18. Let l(b) = 3*i(b) + 2*p(b). Calculate l(o).
-4
Let l(n) be the first derivative of n**2/2 + 8*n - 4462. Let p(m) = m**2 + m. Let s be p(0). Let i be 2 + -8 + s/2. Determine l(i).
2
Let f(s) = 2*s**2 - 2*s + 2. Let v(d) = 111*d + 113*d - 222*d + 14. Let y be v(-12). Let h = -7 - y. Calculate f(h).
14
Let q(w) = 12*w - 164. Suppose -31*u = -92*u + 793. Calculate q(u).
-8
Let j(m) = -m + 10. Suppose 10*z - 11*z = -15. Let g be (-123)/(-15) + (-18)/z. Calculate j(g).
3
Suppose -3*k - 4*d = -0*k - 15, 0 = 4*d. Suppose -2*f = -f - 2. Let m(l) = -2 + 6 + l**f - 2 - k*l. Calculate m(4).
-2
Suppose 60 = 5*h - 5*i, -44*i + 39 = 5*h - 42*i. Let f(g) = -h*g - 5*g + 5*g. Let k = 1 - 0. Calculate f(k).
-9
Let s(w) = -3*w**3 - 27460 + 15*w**2 + 2*w**3 - 3*w**2 + 27462 - 20*w. Calculate s(10).
2
Let w(m) = -2*m**2 + 8*m + 5. Let s be w(5). Let n(d) be the second derivative of -d**4/12 - d**3 - 5*d**2/2 + 140*d. What is n(s)?
0
Let w(o) be the second derivative of -o**5/20 - o**4/3 + 5*o**3/6 - 7*o**2/2 - 899*o + 5. Let c = 2 - 1. Let i be 1 - -2*(c - 4). Give w(i).
-7
Let t(q) = q - 5. Let i be (251 - (-6)/6) + 6. Let j = -249 + i. Calculate t(j).
4
Let y(u) be the third derivative of u**5/20 - 3*u**4/4 - 3*u**3/2 - 8*u**2 - 67. Determine y(7).
12
Suppose 974463 = 54*r - 3767439. Let o(x) = 87824*x - 5 - r*x + x**2 + 3. Suppose 25 = -2*f + 2*b - 3*b, f + 23 = -4*b. Give o(f).
-2
Let c(j) = j - 4. Suppose 5*a = -0*u - 3*u, 4*u + 20 = 0. Suppose 3*k = a*r - 33, 0*k - 3 = 3*k + 3*r. What is c(k)?
-10
Let w(i) be the first derivative of i**4/12 - 5*i**3/6 + 5*i**2/2 + 2*i - 62. Let h(l) be the second derivative of w(l). Calculate h(7).
9
Suppose -n + 6 = -15. Let b(j) = -3*j - 14. Let i(m) = -4*m - 14. Let g(h) = 5*b(h) - 4*i(h). Let s be g(n). Let x(z) = 2*z - 8. Calculate x(s).
6
Let k(q) = 2*q - 957*q**2 + 297*q**2 + 3 + 298*q**2 + q**3 + 355*q**2. Let s be (-2)/(1 - (-18)/(-14)). Calculate k(s).
17
Let i(l) = 17*l**2 + 157 - 312*l - 80 + 316*l - 80. What is i(2)?
73
Let m(k) = -32 - 14*k + 3*k**2 - 7 - 45 + 24 - 2*k**2. Determine m(-4).
12
Let q(k) = -4 + 2*k - 178*k**2 - 196*k**2 + 375*k**2. Give q(0).
-4
Let p(n) be the second derivative of n**5/20 - n**4/6 + n**3/6 + 47*n**2/2 + 2188*n. Give p(0).
47
Let n be (260/(-468))/((-5)/42) + (-2)/3. Let b(m) be the third derivative of 0*m - 1/12*m**n + 1/60*m**5 + 0 - 4*m**2 - 1/3*m**3. What is b(4)?
6
Suppose 9*r + 2*r - 1021 = -999. Let y(j) = -j + 1. Let a(s) = -s. Let k(i) = -5*a(i) + y(i). What is k(r)?
9
Let x(a) = -2*a**2 + 4*a + 10. Let g(v) = -2*v + 6 + 6 + v**2 + 10 - 27. Let z(r) = 9*g(r) + 4*x(r). Wha